4
What is the units digit of 7 + (11 + -10)*-14 - (1 + -16792)?
4
Let p(d) = -513*d + 4358. What is the hundreds digit of p(0)?
3
Let q = -13693 + 91335. What is the units digit of q?
2
Suppose -5*i + 183 = 1078. Let o be (-4)/6 - i/3. Suppose -3*g + o = 2*t - 6, 131 = 4*t + 5*g. What is the tens digit of t?
3
Let q(y) = 417*y - 12. Let j be q(3). Suppose -4*u = k - u + 251, j = -5*k + u. Let v = k + 396. What is the units digit of v?
8
Let m(b) = 3*b + 17. Let d(h) = h + 1. Let f(y) = -2*d(y) + m(y). Let w be f(-10). Suppose -2*o + 3*o + 293 = 4*p, -p = -w*o - 78. What is the tens digit of p?
7
Let x = -19 - -25. Suppose -x*p + 7*p - 67 = 0. Let b = -20 + p. What is the units digit of b?
7
Let o = -6198 - -12280. Suppose 6*m = o - 106. What is the hundreds digit of m?
9
Let g(v) = -559*v + 6013. What is the thousands digit of g(-4)?
8
Let y be ((-1)/2)/((18/(-292))/9). Let j = -185 + 56. Let p = y - j. What is the tens digit of p?
0
Suppose 0 = -49*t + 51*t + 78. Let i = 42 + t. Suppose l = 2*z - i*z + 129, -645 = -5*l - 2*z. What is the hundreds digit of l?
1
What is the tens digit of 1746*((-9 - -3) + 17)?
0
Let b(t) = t**3 - 7*t**2 + 7*t - 6. Let x be b(6). Let l = x - -6. What is the tens digit of 56/(-3)*l/(-4)?
2
Suppose -11*f + 22*f = -1276. Suppose -2*x + 0*x = 70. Let v = x - f. What is the units digit of v?
1
Let q = -473 + 434. Let g(h) = -h**3 - 38*h**2 + 35*h - 106. What is the units digit of g(q)?
0
Let c be (-40)/32*(-120)/2. Suppose m = -c + 80. What is the tens digit of (-1 - (-6)/15) + 128/m?
2
Suppose -2*j + 3 + 9 = 4*q, 3*q = -4*j + 29. Suppose 0 = -h - 2 + j. What is the tens digit of 8/(-4) + -142*(-3)/h?
6
Let c be (45/(-10))/(2/(-4) + 1). Let j be 348/9*c/6*1. Let b = -17 - j. What is the units digit of b?
1
Suppose -143*p + 98017 = 4*o - 142*p, -3*o = 5*p - 73483. What is the hundreds digit of o?
5
Let f = -88398 - -135189. What is the ten thousands digit of f?
4
Suppose 25 = 3*r - 5*o, 2 + 2 = -2*o. Suppose 0 = 3*c + 3, 0 = -q + r*q - 3*c - 463. What is the hundreds digit of q?
1
Suppose 4*w + b + 7 + 6 = 0, -5*w - 13 = -2*b. Let k be (-3)/w*(6 + -4). Suppose -k*u + 3*p + 46 = -p, -4*u - 2*p + 52 = 0. What is the units digit of u?
5
Let n(g) = 4*g**2 + g + 6. Let l = 23 - 17. Suppose -2 = 2*m + l. What is the units digit of n(m)?
6
Let f = 26478 - 16066. What is the units digit of f?
2
Suppose -7*s - 4*s = -924. What is the hundreds digit of ((-76)/s - -1) + 49672/147?
3
What is the hundreds digit of (-108)/(-8)*(-12)/(-108)*25084/1?
6
Let z(m) = 93*m - 24. Let j be z(-9). Let h = j + 1433. What is the hundreds digit of h?
5
Let v be (-9 + (-203)/(-21))/(2/(-1164)). Let z = v + 653. What is the tens digit of z?
6
Suppose -2*i - 6*i - 4*i = -226212. What is the ten thousands digit of i?
1
Let s = -10582 + 14905. Suppose -4*v = 7*v - s. What is the hundreds digit of v?
3
Let n = 308 - 308. Suppose n = 2*j - 579 + 59. What is the hundreds digit of j?
2
What is the units digit of (33/12 - (-6)/(-3))/(3/11868)?
7
Let x be 7 + -6 + 2 + 0. Let m be (x - (2 + 1))*2/(-6). Suppose m*q + 5*q + 4*k - 986 = 0, k - 593 = -3*q. What is the hundreds digit of q?
1
Suppose 11*b + 23 = 56. What is the units digit of -4 - (-1119)/12 - b/12?
9
Let p be 3/(-4)*(-5)/((-30)/(-144)). Suppose -3*m - p*j = -22*j - 843, 1102 = 4*m + 2*j. What is the tens digit of m?
7
Let y(k) = 210*k + 10. Let n(u) = 210*u + 9. Let c(v) = 6*n(v) - 5*y(v). What is the units digit of c(2)?
4
Let s be ((-12)/(-15))/(4/160). Let u be 3 + ((-2)/(-1) - 4). Let y = s - u. What is the tens digit of y?
3
Suppose 758980 = 18*s - 21374. What is the hundreds digit of s?
3
Suppose 5*w + 9241 - 2373 = 2*i, -8 = -2*i. Let y = w - -2378. Suppose -5*v + 4*v + 757 = 3*b, -4*b = -2*v - y. What is the tens digit of b?
5
Let w(s) = 4*s + 69. Let v be w(-16). Suppose -v*j - 5930 = -15*j. What is the tens digit of j?
9
What is the ten thousands digit of 3420/912 - 304922/(-8)?
3
Suppose -n = 4*c - 129662, -26*c + 24*c + 64840 = -4*n. What is the units digit of c?
6
Suppose 21114 = 19*h - 119942. What is the thousands digit of h?
7
Suppose -7*w + 3*w + 144 = 4*u, 0 = -4*w + 2*u + 126. Suppose -w*h - 3432 = -39*h. What is the units digit of h?
2
Let a(z) = 10*z - 97. Let v be a(10). Suppose -v*r + 2440 - 268 = 0. What is the tens digit of r?
2
Let q(h) = h**3 - 44*h**2 - 536*h + 195. What is the tens digit of q(61)?
5
Let a(m) = 266*m - 251. Let p(i) = i**2 - 11*i - 53. Let k be p(15). What is the hundreds digit of a(k)?
6
Let r = 26455 - 6879. What is the thousands digit of r?
9
Let l(p) = 26*p**2 - 120*p - 1517. What is the tens digit of l(-20)?
8
Let a be (-3 + (-5)/(-10))*(-10110)/25. Let x = a + -172. What is the tens digit of x?
3
Suppose -28 - 56 = -12*w. Suppose 20 = -w*p + 9*p. Let c = p + 56. What is the tens digit of c?
6
Let q = 528 + -503. Suppose -q*t + 3728 + 222 = 0. What is the hundreds digit of t?
1
Let b(a) = -a**3 + 10*a**2 - 16*a + 9. Let u = -41 - -49. Let w be b(u). Suppose 0 = -2*r - 3*m + 18, -5 - w = -r - 4*m. What is the units digit of r?
6
Let o be 3 + -1*(-24)/(-3). Let d(w) = -5*w - 12. Let h be d(o). Suppose 9*v - h*v = -400. What is the tens digit of v?
0
Let i be (0 - -8) + -12 + 10. Let n(u) = -17 + i*u - 14*u + 22*u. What is the tens digit of n(8)?
9
Suppose -5*x + 10*p - 15*p + 29645 = 0, 0 = -3*x + 3*p + 17775. What is the units digit of x?
7
Suppose -17*v + 22*v = 145. Suppose v*a - 1611 = 477. What is the tens digit of a?
7
Let y(i) = -i + 55. Let q(g) = -g**3 + 3*g**2 + g - 33. Let z be q(0). Let l = z - -46. What is the units digit of y(l)?
2
Suppose -15*i + 0*i = -75270. Suppose -43*l + 56*l - i = 0. What is the hundreds digit of l?
3
Let d(r) = -57*r + 104. Let h be d(8). Let f = -95 - h. What is the hundreds digit of f?
2
Suppose -h - 9 = -v + h, -4*v = -2*h - 6. Let n = 8 + v. Suppose 2*x + n*x - 621 = 0. What is the tens digit of x?
6
Let t = 146621 + -77657. What is the thousands digit of t?
8
Let u(o) = -50*o + 37. Let a be u(-7). What is the units digit of (-38)/57*a/(-2)?
9
Suppose 3*h - 9 = 6. Suppose -h*j - 760 = -1975. What is the tens digit of j?
4
Let m be (384 - -2)/1*1. Suppose 4*z = -2*p + m, 4*p - z - 411 = 2*p. What is the tens digit of p?
0
Let q(j) = j**2 - 8*j + 9. Let t be q(3). Let m(w) = -4*w**3 - 14*w**2 + 11*w + 38. What is the units digit of m(t)?
2
Suppose -14*q = -12*q - 9824. Suppose -2*p = -5*d - 4*p + q, 0 = p - 1. What is the units digit of d?
2
Let o = -4241 + 8048. What is the thousands digit of o?
3
Suppose -s + 1782 = 2*s. Suppose 820 = 7*g - s. What is the hundreds digit of g?
2
Let m = 401 + -969. Let h = m - -703. What is the units digit of h?
5
Suppose 0 = -8*h + 3*h + 30. Suppose -2*a + h*i = 2*i + 4, 0 = -3*a - 5*i + 5. Suppose -5*p + 6*p - 67 = a. What is the units digit of p?
7
Let r = 13560 + 1320. What is the ten thousands digit of r?
1
Suppose -3*a - 841 = -2*l, 469 = -4*l - a + 2116. Suppose y - l = -29. What is the units digit of y?
4
Suppose 73*u - 9741 = 200442 + 389293. What is the thousands digit of u?
8
Suppose 4*u + 4*m - 5*m = 4585, 5*m = -2*u + 2287. Let z = -323 + u. Suppose -8*f - 143 = -z. What is the tens digit of f?
8
Let u(j) = 5*j**3 + 10*j**2 + 20*j + 22. Let b be u(-5). Let n = b + 1716. What is the hundreds digit of n?
2
Suppose -2332*t + 2334*t = 7654. What is the thousands digit of t?
3
Suppose -28 = -0*o - o + 3*a, -5*a = 5. Suppose 0 = r + o + 11. What is the tens digit of (8 + -2)*(r/(-2) + -1)?
0
What is the units digit of 12525*(-19 - -23) + -18?
2
Let d(y) = 10*y**2 + y - 4. Let w be d(-6). Suppose -8*p + w + 498 = 0. What is the hundreds digit of p?
1
Let p(o) = -29*o - 13. Let j = -13 - -10. Let i be p(j). What is the hundreds digit of (-25)/5 - -3 - i*-2?
1
Let b(r) be the first derivative of 35*r**2/2 + 11*r + 40. Let m be b(-7). Let x = 452 + m. What is the units digit of x?
8
Suppose -21198*c + 21192*c = -54528. What is the tens digit of c?
8
Let p(b) = 220*b + 462. What is the thousands digit of p(6)?
1
Let s = 354 - 259. Suppose 0 = 104*j - s*j - 1800. What is the hundreds digit of j?
2
Suppose 3*w = -p - 27, 5*w + 14 = -p - 31. What is the units digit of ((-3)/w)/((-14)/(-17304))?
2
Suppose -2*f - 18 = -z, 4*f = -z - 0*f - 6. Suppose -z*t - 5*t + 1230 = 0